{"id":2,"date":"2016-05-10T03:48:21","date_gmt":"2016-05-10T03:48:21","guid":{"rendered":"http:\/\/hectorlouis.com\/?page_id=2"},"modified":"2024-03-28T01:16:15","modified_gmt":"2024-03-28T01:16:15","slug":"sample-page","status":"publish","type":"page","link":"https:\/\/hectorlouis.com\/?page_id=2","title":{"rendered":"HAKKIMIZDA"},"content":{"rendered":"<div class=\"vce-row-container\" data-vce-boxed-width=\"true\"><div class=\"vce-row vce-row--col-gap-30 vce-row-equal-height vce-row-content--top\" id=\"el-bd15aa2c\" data-vce-do-apply=\"all el-bd15aa2c\"><div class=\"vce-row-content\" data-vce-element-content=\"true\"><div class=\"vce-col vce-col--md-auto vce-col--xs-1 vce-col--xs-last vce-col--xs-first vce-col--sm-last vce-col--sm-first vce-col--md-first vce-col--lg-first vce-col--xl-first\" id=\"el-095418e4\"><div class=\"vce-col-inner\" data-vce-do-apply=\"border margin background  el-095418e4\"><div class=\"vce-col-content\" data-vce-element-content=\"true\" data-vce-do-apply=\"padding el-095418e4\"><div class=\"vce-single-image-container vce-single-image--align-left\"><div class=\"vce vce-single-image-wrapper\" id=\"el-86082701\" data-vce-do-apply=\"all el-86082701\"><figure><div class=\"vce-single-image-inner vce-single-image--absolute vce-single-image--border-round\" style=\"padding-bottom: 100%; width: 808px;\"><img loading=\"lazy\" decoding=\"async\" class=\"vce-single-image\" width=\"808\" height=\"808\" src=\"https:\/\/hectorlouis.com\/wp-content\/uploads\/2024\/03\/WhatsApp-Image-2021-05-14-at-07.55.31-808x808.jpeg\" srcset=\"https:\/\/hectorlouis.com\/wp-content\/uploads\/2024\/03\/WhatsApp-Image-2021-05-14-at-07.55.31-320x320.jpeg 320w,https:\/\/hectorlouis.com\/wp-content\/uploads\/2024\/03\/WhatsApp-Image-2021-05-14-at-07.55.31-480x480.jpeg 480w,https:\/\/hectorlouis.com\/wp-content\/uploads\/2024\/03\/WhatsApp-Image-2021-05-14-at-07.55.31-800x800.jpeg 800w,https:\/\/hectorlouis.com\/wp-content\/uploads\/2024\/03\/WhatsApp-Image-2021-05-14-at-07.55.31-808x808.jpeg 808w\" data-img-src=\"https:\/\/hectorlouis.com\/wp-content\/uploads\/2021\/05\/WhatsApp-Image-2021-05-14-at-07.55.31.jpeg\" alt=\"\" title=\"WhatsApp Image 2021-05-14 at 07.55.31\" \/><\/div><figcaption hidden=\"\"><\/figcaption><\/figure><\/div><\/div><\/div><\/div><\/div><div class=\"vce-col vce-col--md-auto vce-col--xs-1 vce-col--xs-last vce-col--xs-first vce-col--sm-last vce-col--sm-first\" id=\"el-daf40269\"><div class=\"vce-col-inner\" data-vce-do-apply=\"border margin background  el-daf40269\"><div class=\"vce-col-content\" data-vce-element-content=\"true\" data-vce-do-apply=\"padding el-daf40269\"><div class=\"vce-single-image-container vce-single-image--align-left\"><div class=\"vce vce-single-image-wrapper\" id=\"el-53acc3e6\" data-vce-do-apply=\"all el-53acc3e6\"><figure><div class=\"vce-single-image-inner vce-single-image--absolute vce-single-image--border-round\" style=\"padding-bottom: 100%; width: 771px;\"><img loading=\"lazy\" decoding=\"async\" class=\"vce-single-image\" width=\"771\" height=\"771\" src=\"https:\/\/hectorlouis.com\/wp-content\/uploads\/2024\/03\/WhatsApp-Image-2021-05-14-at-07.54.09-771x771.jpeg\" srcset=\"https:\/\/hectorlouis.com\/wp-content\/uploads\/2024\/03\/WhatsApp-Image-2021-05-14-at-07.54.09-320x320.jpeg 320w,https:\/\/hectorlouis.com\/wp-content\/uploads\/2024\/03\/WhatsApp-Image-2021-05-14-at-07.54.09-480x480.jpeg 480w,https:\/\/hectorlouis.com\/wp-content\/uploads\/2024\/03\/WhatsApp-Image-2021-05-14-at-07.54.09-771x771.jpeg 771w\" data-img-src=\"https:\/\/hectorlouis.com\/wp-content\/uploads\/2021\/05\/WhatsApp-Image-2021-05-14-at-07.54.09.jpeg\" alt=\"\" title=\"WhatsApp Image 2021-05-14 at 07.54.09\" \/><\/div><figcaption hidden=\"\"><\/figcaption><\/figure><\/div><\/div><\/div><\/div><\/div><div class=\"vce-col vce-col--md-auto vce-col--xs-1 vce-col--xs-last vce-col--xs-first vce-col--sm-last vce-col--sm-first\" id=\"el-d19680ae\"><div class=\"vce-col-inner\" data-vce-do-apply=\"border margin background  el-d19680ae\"><div class=\"vce-col-content\" data-vce-element-content=\"true\" data-vce-do-apply=\"padding el-d19680ae\"><div class=\"vce-single-image-container vce-single-image--align-left\"><div class=\"vce vce-single-image-wrapper\" id=\"el-39e354f7\" data-vce-do-apply=\"all el-39e354f7\"><figure><div class=\"vce-single-image-inner vce-single-image--absolute vce-single-image--border-round\" style=\"padding-bottom: 100%; width: 754px;\"><img loading=\"lazy\" decoding=\"async\" class=\"vce-single-image\" width=\"754\" height=\"754\" src=\"https:\/\/hectorlouis.com\/wp-content\/uploads\/2024\/03\/IMG_5214-754x754.jpg\" srcset=\"https:\/\/hectorlouis.com\/wp-content\/uploads\/2024\/03\/IMG_5214-320x320.jpg 320w,https:\/\/hectorlouis.com\/wp-content\/uploads\/2024\/03\/IMG_5214-480x480.jpg 480w,https:\/\/hectorlouis.com\/wp-content\/uploads\/2024\/03\/IMG_5214-754x754.jpg 754w\" data-img-src=\"https:\/\/hectorlouis.com\/wp-content\/uploads\/2023\/09\/IMG_5214.jpg\" alt=\"\" title=\"IMG_5214\" \/><\/div><figcaption hidden=\"\"><\/figcaption><\/figure><\/div><\/div><\/div><\/div><\/div><div class=\"vce-col vce-col--md-auto vce-col--xs-1 vce-col--xs-last vce-col--xs-first vce-col--sm-last vce-col--sm-first vce-col--md-last vce-col--lg-last vce-col--xl-last\" id=\"el-68e334c6\"><div class=\"vce-col-inner\" data-vce-do-apply=\"border margin background  el-68e334c6\"><div class=\"vce-col-content\" data-vce-element-content=\"true\" data-vce-do-apply=\"padding el-68e334c6\"><div class=\"vce-single-image-container vce-single-image--align-left\"><div class=\"vce vce-single-image-wrapper\" id=\"el-d37751b9\" data-vce-do-apply=\"all el-d37751b9\"><figure><div class=\"vce-single-image-inner vce-single-image--absolute vce-single-image--border-round\" style=\"padding-bottom: 100%; width: 617px;\"><img loading=\"lazy\" decoding=\"async\" class=\"vce-single-image\" width=\"617\" height=\"617\" src=\"https:\/\/hectorlouis.com\/wp-content\/uploads\/2024\/03\/IMG_2600-617x617.jpeg\" srcset=\"https:\/\/hectorlouis.com\/wp-content\/uploads\/2024\/03\/IMG_2600-320x320.jpeg 320w,https:\/\/hectorlouis.com\/wp-content\/uploads\/2024\/03\/IMG_2600-480x480.jpeg 480w,https:\/\/hectorlouis.com\/wp-content\/uploads\/2024\/03\/IMG_2600-800x800.jpeg 800w,https:\/\/hectorlouis.com\/wp-content\/uploads\/2024\/03\/IMG_2600-617x617.jpeg 617w,https:\/\/hectorlouis.com\/wp-content\/uploads\/2024\/03\/IMG_2600-1234x1234.jpeg 2x\" data-img-src=\"https:\/\/hectorlouis.com\/wp-content\/uploads\/2023\/09\/IMG_2600.jpeg\" alt=\"\" title=\"IMG_2600\" \/><\/div><figcaption hidden=\"\"><\/figcaption><\/figure><\/div><\/div><\/div><\/div><\/div><\/div><\/div><\/div><div class=\"vce-row-container\" data-vce-boxed-width=\"true\"><div class=\"vce-row vce-row--col-gap-30 vce-row-equal-height vce-row-content--top\" id=\"el-c53667bc\" data-vce-do-apply=\"all el-c53667bc\"><div class=\"vce-row-content\" data-vce-element-content=\"true\"><div class=\"vce-col vce-col--md-auto vce-col--xs-1 vce-col--xs-last vce-col--xs-first vce-col--sm-last vce-col--sm-first vce-col--md-last vce-col--lg-last vce-col--xl-last vce-col--md-first vce-col--lg-first vce-col--xl-first\" id=\"el-f8179d6a\"><div class=\"vce-col-inner\" data-vce-do-apply=\"border margin background  el-f8179d6a\"><div class=\"vce-col-content\" data-vce-element-content=\"true\" data-vce-do-apply=\"padding el-f8179d6a\"><div class=\"vce-text-block\"><div class=\"vce-text-block-wrapper vce\" id=\"el-d880ff01\" data-vce-do-apply=\"all el-d880ff01\"><p>Hector Louis Coffee Hakk\u0131nda..<\/p><p>Hector Louis Coffee, kahve tutkunlar\u0131n\u0131n vazge\u00e7ilmez adresi ve \u0130stanbul&#8217;un d\u00f6rt bir yan\u0131nda yay\u0131lm\u0131\u015f bir kahve zinciridir. Moda, \u015ea\u015fk\u0131nbakkal, Kad\u0131k\u00f6y \u00c7ar\u015f\u0131 ve di\u011fer \u015fubelerimizle kahve severlere benzersiz bir deneyim sunuyoruz.<\/p><p>Her bir \u015fubemiz, en taze ve \u00f6zenle se\u00e7ilmi\u015f kahve \u00e7ekirdekleriyle haz\u0131rlanan \u00f6zg\u00fcn kahvelerimizle \u00fcnl\u00fcd\u00fcr. Uzman baristalar\u0131m\u0131z, her bir fincan kahvenin lezzetini en \u00fcst d\u00fczeye \u00e7\u0131karmak i\u00e7in \u00f6zveriyle \u00e7al\u0131\u015f\u0131r. Kahve k\u00fclt\u00fcr\u00fcne olan ba\u011fl\u0131l\u0131\u011f\u0131m\u0131z ve tutkumuz, m\u00fc\u015fterilerimize kaliteli ve lezzetli bir kahve deneyimi sunmak i\u00e7in bizi ileriye ta\u015f\u0131yor.<\/p><p>Ancak Hector Louis Coffee sadece bir kahve d\u00fckkan\u0131 de\u011fil, ayn\u0131 zamanda s\u0131cak ve samimi bir topluluk merkezi. Her bir ziyaretinizde, sizi kucaklayan bir atmosfer ve g\u00fclery\u00fczl\u00fc personelimizle kar\u015f\u0131lan\u0131rs\u0131n\u0131z. \u015eubelerimizde, kahvenizi yudumlarken keyifli sohbetler edebilir, kitap okuyabilir veya sadece dinlenebilirsiniz.<\/p><p>Hector Louis Coffee ailesi olarak, m\u00fc\u015fteri memnuniyetini her zaman \u00f6n planda tutuyoruz. Misafirlerimizin kahve keyfini en \u00fcst d\u00fczeye \u00e7\u0131karmak ve her ziyaretlerini unutulmaz k\u0131lmak i\u00e7in s\u00fcrekli \u00e7aba g\u00f6steriyoruz. Kahve tutkusunu payla\u015fan herkesi, \u0130stanbul&#8217;daki \u015fubelerimizde benzersiz bir kahve deneyimi ya\u015famaya davet ediyoruz.<\/p><p>Siz de bize kat\u0131l\u0131n ve Hector Louis Coffee&#8217;nin b\u00fcy\u00fcl\u00fc d\u00fcnyas\u0131n\u0131 ke\u015ffedin. Kahve sevgimizi payla\u015fmak i\u00e7in sab\u0131rs\u0131zlan\u0131yoruz!<\/p><\/div><\/div><\/div><\/div><\/div><\/div><\/div><\/div>\n","protected":false},"excerpt":{"rendered":"<p>Hector Louis Coffee Hakk\u0131nda..Hector Louis Coffee, kahve tutkunlar\u0131n\u0131n vazge\u00e7ilmez adresi ve \u0130stanbul&#8217;un d\u00f6rt bir yan\u0131nda yay\u0131lm\u0131\u015f bir kahve zinciridir. Moda, \u015ea\u015fk\u0131nbakkal, Kad\u0131k\u00f6y \u00c7ar\u015f\u0131 ve di\u011fer \u015fubelerimizle kahve severlere benzersiz bir deneyim sunuyoruz.Her bir \u015fubemiz, en taze ve \u00f6zenle se\u00e7ilmi\u015f kahve \u00e7ekirdekleriyle haz\u0131rlanan \u00f6zg\u00fcn kahvelerimizle \u00fcnl\u00fcd\u00fcr. Uzman baristalar\u0131m\u0131z, her bir fincan kahvenin lezzetini en \u00fcst d\u00fczeye [&hellip;]<\/p>\n","protected":false},"author":1,"featured_media":0,"parent":0,"menu_order":0,"comment_status":"closed","ping_status":"open","template":"","meta":{"footnotes":""},"class_list":["post-2","page","type-page","status-publish","hentry"],"_links":{"self":[{"href":"https:\/\/hectorlouis.com\/index.php?rest_route=\/wp\/v2\/pages\/2","targetHints":{"allow":["GET"]}}],"collection":[{"href":"https:\/\/hectorlouis.com\/index.php?rest_route=\/wp\/v2\/pages"}],"about":[{"href":"https:\/\/hectorlouis.com\/index.php?rest_route=\/wp\/v2\/types\/page"}],"author":[{"embeddable":true,"href":"https:\/\/hectorlouis.com\/index.php?rest_route=\/wp\/v2\/users\/1"}],"replies":[{"embeddable":true,"href":"https:\/\/hectorlouis.com\/index.php?rest_route=%2Fwp%2Fv2%2Fcomments&post=2"}],"version-history":[{"count":3,"href":"https:\/\/hectorlouis.com\/index.php?rest_route=\/wp\/v2\/pages\/2\/revisions"}],"predecessor-version":[{"id":1527,"href":"https:\/\/hectorlouis.com\/index.php?rest_route=\/wp\/v2\/pages\/2\/revisions\/1527"}],"wp:attachment":[{"href":"https:\/\/hectorlouis.com\/index.php?rest_route=%2Fwp%2Fv2%2Fmedia&parent=2"}],"curies":[{"name":"wp","href":"https:\/\/api.w.org\/{rel}","templated":true}]}}